, 3, 5, 163
Suppose 15*o + 12 = 14*o. What are the prime factors of (580/o - -2)*-6?
2, 139
Let l = 5 - 2. Suppose t + 16 = -l*t, -5*n + 3*t = -572. What are the prime factors of n?
2, 7
What are the prime factors of 1958 - (3 + (-6)/6)?
2, 3, 163
Suppose -z + 9 + 6 = 0. Suppose -4*o - z = -83. Suppose -3*x + o + 16 = 3*v, -3*v - 4*x = -30. What are the prime factors of v?
2, 7
Let x(l) = -l**3 - 8*l**2 - 2*l - 8. Let n be x(-6). Let d = n + 141. Suppose -2*m = 4 - 0, 3*s - d = -m. What are the prime factors of s?
5
Let i be (6/2)/(-3)*19. Let r be 25/(-2)*(-2 + 0). Let m = r + i. What are the prime factors of m?
2, 3
Let m(z) = -326*z + 1. What are the prime factors of m(-2)?
653
Let x be (5/2)/1*6692/35. Suppose -4*o + x = 154. List the prime factors of o.
3
Let b = -439 + 4168. What are the prime factors of b?
3, 11, 113
Let a(b) = 6*b**2 - 2*b + 1. Let n be a(1). Suppose -5*g = n - 0, r - 24 = -g. List the prime factors of r.
5
Let n = -494 + 849. What are the prime factors of n/4 - 1 - 19/(-76)?
2, 11
Suppose -5*f + 10 = 5*x, -5*f - 16 + 1 = 0. Suppose x*m - 422 = -62. Suppose -2*w - 4*u - 10 + m = 0, 3*u + 91 = 4*w. What are the prime factors of w?
5
Suppose 13*y = -9*y + 462. What are the prime factors of y?
3, 7
Let n = 57 + -57. Suppose l + 2*o - 108 = n, 5*o + 391 = 3*l + 23. List the prime factors of l.
2, 29
Let z be ((-20)/30)/((-1)/6). Suppose 0 = -z*u + 3*o + 115, -2*u + 3*o + 140 = 3*u. List the prime factors of u.
5
Let r be 4 - (0/2 + 1). Let q be (-2 + 3)*(-3)/(-1). Suppose q = a, 0*s + r*s = a + 78. List the prime factors of s.
3
Let f be -1 + 3 - (0 - -75). Let l = -21 - f. Suppose 5*o - 4*c - l = 0, -23 = -4*o - c - 2*c. What are the prime factors of o?
2
Let l be -1 + 0 + 293 + -2. Suppose 0 = 3*w + 2*w - 2*g - l, -232 = -4*w + g. List the prime factors of w.
2, 29
Let l be 0 - (1 - (0 + 4)). Suppose l*m - 5*c - 82 = 193, -3*m + 267 = -3*c. List the prime factors of m.
5, 17
Let w be 880/33*21/2. Let c = -178 + w. List the prime factors of c.
2, 3, 17
Suppose r + 2*r = -162. Let u = r + 99. Suppose 3*w - u = 15. What are the prime factors of w?
2, 5
Let p(u) = -u**2 - 5*u - 3. Let v be p(-2). Suppose 2*w + 0*w - v*x = 124, 0 = -4*w + 5*x + 248. List the prime factors of w.
2, 31
Let x be (3 - -1)*(-2 - -4). Suppose -7*v + x*v - 93 = 0. List the prime factors of v.
3, 31
List the prime factors of (-64071)/(-45) - 6/(-5).
3, 5, 19
Let z(n) = -21*n - 4. Let h(u) = 41*u + 9. Let f(y) = 2*h(y) + 5*z(y). What are the prime factors of f(-2)?
2, 11
Suppose -f + o + 85 = -4*o, -5*o + 140 = 2*f. Suppose -4*w = -5*b - 155, -4*b - 1 = -2*w + f. List the prime factors of w.
2, 5
List the prime factors of (-16 - -21) + 2701 + 3.
3, 7, 43
Suppose 0 = 5*z + 4*b - 3, z + 3*z - 21 = 3*b. Suppose 5*w = -4*j + 844, 6*w - 509 = z*w - 5*j. Let m = w - 107. List the prime factors of m.
61
Let f be (-2 + 4)*(-3)/2. Let s be 0 + f - (13 + -3). Let o = 0 - s. What are the prime factors of o?
13
Let x(w) = 2*w**2 + 8*w - 4. List the prime factors of x(-7).
2, 19
Let m = -1193 + 2212. List the prime factors of m.
1019
Suppose 27*b - 5337 - 5382 = 0. What are the prime factors of b?
397
Suppose 729 = 4*o + 185. List the prime factors of o.
2, 17
Suppose -11*n + 344 = -4320. List the prime factors of n.
2, 53
Suppose 0 = 5*m - 3*r - 5893, -2*m - 11*r = -13*r - 2354. List the prime factors of m.
1181
Let s be 0*1/2 + 4. Suppose 2*j - s = -2*j. List the prime factors of -3 + 27 + 0/j.
2, 3
Let p(x) = x - 7. Let w be p(-4). Let k = 62 + w. List the prime factors of k.
3, 17
Let n = -263 + 397. Suppose -3*x - 44 = -n. What are the prime factors of x?
2, 3, 5
Let v = 231 + -30. What are the prime factors of v?
3, 67
Suppose 4*c - 94 = 3*s + 133, 186 = 3*c + 3*s. Suppose -2*p + c = -41. List the prime factors of p.
2, 5
Let r = -262 - -421. List the prime factors of r.
3, 53
Let d be (-12)/3*(-4 - 5/(-10)). Let b(k) = 19*k - 21. List the prime factors of b(d).
5, 7
Let h(y) = -152*y + 3 + 143*y + 2. List the prime factors of h(-5).
2, 5
Suppose -5*p = -2*c + 231, -4*c + 4*p + 298 = -146. Suppose b = -0*b + 5. Suppose -b*k = 13 - c. What are the prime factors of k?
19
Suppose 0 = -2*m - m + 30. Let t be (-4)/m - (-81)/15. Let u(v) = v**3 - 4*v**2 + 2*v - 7. What are the prime factors of u(t)?
2, 7
Let s = -52 + 110. What are the prime factors of s?
2, 29
Suppose 0 = -36*n + 35*n + 436. What are the prime factors of n?
2, 109
Let i(a) = -3*a**2 + 16*a - 14. Let m be i(10). Let d be 2/(-3) - m/6. Suppose d = -9*n + 14*n. List the prime factors of n.
5
Let f(m) = m**2 - 1. Let u be f(-2). Let l(w) = 0*w**3 - 5*w**2 + 2*w**3 + 4*w - 3*w**u. What are the prime factors of l(-6)?
2, 3
Let d(q) = -q + 9. Let k be d(7). Suppose 5*x - k*x = 0. Suppose -3*c + 11 + 22 = x. List the prime factors of c.
11
Suppose -5*o - 5*o + o = 0. Let z(p) = 3*p + 136. List the prime factors of z(o).
2, 17
Suppose c - 24*g + 25*g = 2168, -4*c + 8672 = -3*g. What are the prime factors of c?
2, 271
Suppose -2*y = 7 - 15. Suppose 4*s - 132 = -y*f, 3*s + 159 = 4*f - 2*s. What are the prime factors of f?
2, 3
Let f be 15/4 - 1/(-4). Suppose -i - b + 9 = 2*b, f*i - 87 = 5*b. What are the prime factors of i?
2, 3
Let w(u) be the first derivative of 1/4*u**4 - 4*u + 2 + 8/3*u**3 + 4*u**2. List the prime factors of w(-6).
2, 5
Suppose -40 = 10*k - 2*k. List the prime factors of (-545)/k + (-5 - -2).
2, 53
Let n = 2 - -3. Suppose -2*f - n*r = -6, -2*r - 3*r = 0. Suppose -5*d + 97 = f*b, 0*b + 5*d = 3*b - 47. List the prime factors of b.
2, 3
Let k = -642 - -713. What are the prime factors of k?
71
Let f = -543 - -1447. List the prime factors of f.
2, 113
Suppose -2*f + f + 2*l = -194, -5*l = 5. Let w = -116 + f. What are the prime factors of w?
2, 19
Suppose 3*f = -f - 12. Let b be 16/6 + (-1)/f. Suppose -b*x + 2*y = -75, -4*x = -9*x + y + 118. What are the prime factors of x?
23
Suppose -a + j = 4*a + 53, 0 = 3*j + 6. Let v = -6 - a. Suppose -225 = -5*m - 5*y, -v*m + 3*y + 175 = -2*y. List the prime factors of m.
2, 5
Let l(w) = -w**2 - 10*w + 3. Let h be l(-5). Suppose -p - p = n - h, p = n + 14. List the prime factors of p/(3 - (-28)/(-12)).
3, 7
Suppose 30 = -w + 114. Suppose -3*a = -a + w. What are the prime factors of 3/((-2)/(a/9))?
7
Let l = -101 + 260. Let j = 342 - l. List the prime factors of j.
3, 61
Let i(y) be the first derivative of -y**2/2 - 6*y - 8. Let j be i(-4). Let v(c) = 2*c**2 + 2. What are the prime factors of v(j)?
2, 5
Let a = -33 + 18. Suppose 3*u = -523 + 457. Let i = a - u. What are the prime factors of i?
7
Suppose -6*w = -104 - 4. What are the prime factors of (w + -21)*(-18)/2?
3
Let o = -3815 - -5931. What are the prime factors of o?
2, 23
Let j(a) = a**3 + 8*a**2 + 5*a - 9. Let b be (-7)/(-28) + 27/4. Suppose 4*c - b*c - 18 = 0. List the prime factors of j(c).
3, 11
Let h(t) = -2*t - 10. Suppose -2*g + 106 = 2*b, b - 39 = 3*g + 30. Suppose a + 8 = 5*q + b, -65 = 5*q - 5*a. What are the prime factors of h(q)?
2
Suppose 5*s + 15 = 8*s. Suppose 2*q - s*o - 17 = 0, o - 19 - 10 = -5*q. What are the prime factors of (-2)/q - 1099/(-21)?
2, 13
Let a be 1/((-1)/(-1 + 2))*-13. Let b(f) = 2*f**2 - 15*f - 31. List the prime factors of b(a).
2, 7
Let b(x) = 5*x**3 - 4*x**2 - 2. Let h(g) = 4*g**3 - 3*g**2 - 1. Let u(m) = 5*b(m) - 6*h(m). Let r be 24/9*(-3)/(-2). What are the prime factors of u(r)?
2, 7
Suppose 5*l + 5 = 0, 10*l - 14*l = 2*m - 156. What are the prime factors of m?
2, 5
Let k be 1/4 - 463/(-4). Let x(w) = w**2 - 9*w + 31. Let b be x(12). Let c = k - b. List the prime factors of c.
7
Let y = 76 - 72. Suppose -g = l - 234, -y*g - 234 = -l - 0*l. What are the prime factors of l?
2, 3, 13
Suppose 7*p = 6861 + 13166. List the prime factors of p.
2861
Let q(g) = -3*g**2 + g - 4. Let b be q(-4). Let p = 85 + b. Suppose n - 15 - p = 0. List the prime factors of n.
2, 11
Suppose 5*m = -3*y + 8109 + 11136, -4*m + 4*y + 15364 = 0. What are the prime factors of m?
2, 3, 641
What are the prime factors of (-1 - (-120)/(-18))*-126?
2, 3, 7, 23
Suppose -2046 - 1070 = -4*y - 2*a, -3*y + 2332 = -a. What are the prime factors of y?
2, 389
Suppose 3*g = 3*b + 273, 97 = g - 2*b + 7*b. Suppose -3*d = -2*n - 87, -2*d + g = 2*n - 4*n. List the prime factors of (4/(-6))/(2/n).
1